{"id":922,"date":"2018-02-13T20:04:33","date_gmt":"2018-02-13T20:04:33","guid":{"rendered":"http:\/\/www.putaendo.cl\/municipalidad\/?page_id=922"},"modified":"2018-02-23T14:00:10","modified_gmt":"2018-02-23T14:00:10","slug":"licencias-de-conducir","status":"publish","type":"page","link":"https:\/\/www.putaendo.cl\/municipalidad\/departamentos\/direccion-de-transito\/licencias-de-conducir\/","title":{"rendered":"Licencias de conducir"},"content":{"rendered":"<style type=\"text\/css\">\n.req_gen{\n}\nh3{\n     margin-left: 30px;\n}\n.req_clase{\n     margin-top: 10px;\n     background-color: #def5f9;\n     padding-left: 20px;\n     padding-right: 20px;\n}\n.req_claseA{\n     margin-top: 10px;\n     background-color: #def5f9;\n     padding-left: 20px;\n     padding-right: 20px;\n}\n.req_pro{\n     margin-top: 30px;\n     background-color: #a2caf9;\n     padding-left: 20px;\n}\n.manuales{\n     background-color: #001b3a;\n     color: #c0d5ed;\n     margin: 0 auto;\n     text-align: center;\n}\n.manuales a{\n     color: #e0eeff;\n}\n.manuales a:hover{\n     color: #7bf157;\n}\n.req_tit{\n     background-color: #6db1ff;  \n     margin-top: 20px;\n}\ntable{\n     background-color: #effafc;\n{<\/p>\n<\/style>\n<div class=\"req_gen\">\n<div class=\"req_tit\">\n<h3>Requisitos Generales:<\/h3>\n<\/p><\/div>\n<table>\n<tr>\n<td>a) Acreditar idoneidad moral, fisica y psiquica.<\/td>\n<td>B) Acreditar conocimientos te\u00f3ricos y pr\u00e1cticos de conducci\u00f3n.<\/td>\n<\/tr>\n<tr>\n<td>c) Poseer cedula nacional de identidad o extranjer\u00eda vigente, con letras o digitos verificador.<\/td>\n<td>d) Declaraci\u00f3n jurada, que no es consumidor de drogas, estupefacientes o sustancias sicotropico prohibidas.<\/td>\n<\/tr>\n<tr>\n<td>e) Acreditar domicilio.<\/td>\n<td><\/td>\n<\/tr>\n<\/table>\n<\/div>\n<div class=\"req_tit\">\n<h3>Requisitos especiales:<\/h3>\n<\/div>\n<div class=\"req_pro\">\n   Licencias no Profesionales\n<\/div>\n<div class=\"req_clase\">\n<div class=\"nopro\">\n      Clase B\n   <\/div>\n<div>\n      1.- Tener como m\u00ednimo 18 a\u00f1os de edad, excepcionalmente, se podra otorgar a postulantes de 17 a\u00f1os que hayan aprobado curso en una escula de conductores y expresamenten autorizados por sus padres.<br \/>\n      2.- Ser egresado de ense\u00f1anza b\u00e1sica.\n   <\/div>\n<\/div>\n<div class=\"req_clase\">\n<div class=\"clases\">\n      Clase C\n   <\/div>\n<div class=\"clases\">\n      1.- Tener como m\u00ednimo 18 a\u00f1os de edad.<br \/>\n      2.- Ser egresado de ense\u00f1anza b\u00e1sica.\n   <\/div>\n<\/div>\n<div class=\"req_clase\">\n<div class=\"clases\">\n      Clase D\n   <\/div>\n<div>\n      1.- Tener como m\u00ednimo 18 a\u00f1os de edad.<br \/>\n      2.- Saber leer y escribir.<br \/>\n      3.- Acreditar conocimientos y pr\u00e1ctica en el manejo de los vehiculos o maquinar\u00edas especiales de que se trate.\n   <\/div>\n<\/div>\n<div class=\"req_clase\">\n<div class=\"clases\">\n      Clase E\n   <\/div>\n<div>\n      1.- Tener como m\u00ednimo 18 a\u00f1os de edad.<br \/>\n      2.- Saber leer y escribir. Podra eximirse de este requisito quien apruebe un examen especial.\n   <\/div>\n<\/div>\n<div class=\"req_clase\">\n<div class=\"clases\">\n      Clase F\n   <\/div>\n<div>\n      1.- Tener como m\u00ednimo 18 a\u00f1os de edad.<br \/>\n      2.- Aprobar los respectivos cursos institucionales.\n   <\/div>\n<\/div>\n<div class=\"req_pro\">\n   Licencias Profesionales\n<\/div>\n<div class=\"req_claseA\">\n<div>\n      Clase A-1, A-2, A-3, A-4, A-5\n   <\/div>\n<div>\n      1.- Tener como m\u00ednimo 20 a\u00f1os de edad.<br \/>\n      2.- Acreditar haber estado en posisi\u00f3n de la licencia clase B durante dos a\u00f1os.<br \/>\n      3.- Aprobar los cursos te\u00f3ricos y pr\u00e1cticos que impartan las escuelas de conductores profesionales debidamente reconocidos por el Estado.<br \/>\n      4.- Acreditar, en caso de la Clase A-3, haber estado en posesi\u00f3n durante a lo menos 2 a\u00f1os de las licencias A-1 o A-2. Tratandose de la Clase A-5 acreditar haber estado en posisi\u00f3n durante a lo menos 2 a\u00f1os de la licencia clase A-4\n   <\/div>\n<\/div>\n<div class=\"req_tit\">\n<h3>\n   Clases de Licencias <\/h3>\n<\/div>\n<div>\n<table>\n<tr>\n<td>\n            <center><\/p>\n<h3>Licencias Profesionales<\/h3>\n<p><\/center>\n         <\/td>\n<td>\n            <center><\/p>\n<h3>Licencia B, C, D, F y E<\/h3>\n<p><\/center>\n         <\/td>\n<\/tr>\n<tr>\n<td>\n            A1: Taxis\n         <\/td>\n<td>\n            B: Vehiculos motorizados 3 o + ruedas, hasta 9 asientos excluido el conductor peso bruto vehicular inferior a 3500 Kg.\n         <\/td>\n<\/tr>\n<tr>\n<td>\n            A2: Transporte p\u00fablico de pasajeros de 10 a 17 asientos, ambulancias e incluye vehiculos clase A1\n         <\/td>\n<td>\n            C: Vehiculos motorizados 2 a 3 ruedas.\n         <\/td>\n<\/tr>\n<tr>\n<td>\n            A3: Transporte p\u00fablico de pasajeros sin limites de asientos, transporte escolar e incluye conducci\u00f3n clase A1 y A2.\n         <\/td>\n<td>\n            D: Maquinaria automotriz industrial.\n         <\/td>\n<\/tr>\n<tr>\n<td>\n            A4: Camion simple, peso bruto vehicular sobre 3500 Kg.\n         <\/td>\n<td>\n            F: Vechiculos de F.F.A.A., Carabineros, Investigaciones de Chile, Bomberos.\n         <\/td>\n<\/tr>\n<tr>\n<td>\n            A5: Camion articulado, peso bruto vehicular sobre 3500 Kg.\n         <\/td>\n<td>\n            E: Vehiculo de tracci\u00f3n animal.\n         <\/td>\n<\/tr>\n<\/table>\n<\/div>\n<div class=\"manuales\">\n      <a href=\"https:\/\/www.conaset.cl\/manuales\/\">Descarga de Manuales para Ex\u00e1menes Te\u00f3ricos<\/a>\n   <\/div>\n","protected":false},"excerpt":{"rendered":"<p>Requisitos Generales: a) Acreditar idoneidad moral, fisica y psiquica. B) Acreditar conocimientos te\u00f3ricos y pr\u00e1cticos de conducci\u00f3n. c) Poseer cedula nacional de identidad o extranjer\u00eda vigente, con letras o digitos <a href=\"https:\/\/www.putaendo.cl\/municipalidad\/departamentos\/direccion-de-transito\/licencias-de-conducir\/\" class=\"read-more button-fancy -red\"><span class=\"btn-arrow\"><\/span><span class=\"twp-read-more text\">Continue leyendo<\/span><\/a><\/p>\n","protected":false},"author":1,"featured_media":0,"parent":924,"menu_order":0,"comment_status":"closed","ping_status":"closed","template":"","meta":{"footnotes":""},"class_list":["post-922","page","type-page","status-publish","hentry"],"_links":{"self":[{"href":"https:\/\/www.putaendo.cl\/municipalidad\/wp-json\/wp\/v2\/pages\/922","targetHints":{"allow":["GET"]}}],"collection":[{"href":"https:\/\/www.putaendo.cl\/municipalidad\/wp-json\/wp\/v2\/pages"}],"about":[{"href":"https:\/\/www.putaendo.cl\/municipalidad\/wp-json\/wp\/v2\/types\/page"}],"author":[{"embeddable":true,"href":"https:\/\/www.putaendo.cl\/municipalidad\/wp-json\/wp\/v2\/users\/1"}],"replies":[{"embeddable":true,"href":"https:\/\/www.putaendo.cl\/municipalidad\/wp-json\/wp\/v2\/comments?post=922"}],"version-history":[{"count":114,"href":"https:\/\/www.putaendo.cl\/municipalidad\/wp-json\/wp\/v2\/pages\/922\/revisions"}],"predecessor-version":[{"id":1467,"href":"https:\/\/www.putaendo.cl\/municipalidad\/wp-json\/wp\/v2\/pages\/922\/revisions\/1467"}],"up":[{"embeddable":true,"href":"https:\/\/www.putaendo.cl\/municipalidad\/wp-json\/wp\/v2\/pages\/924"}],"wp:attachment":[{"href":"https:\/\/www.putaendo.cl\/municipalidad\/wp-json\/wp\/v2\/media?parent=922"}],"curies":[{"name":"wp","href":"https:\/\/api.w.org\/{rel}","templated":true}]}}